{"id":2,"date":"2022-05-09T15:13:32","date_gmt":"2022-05-09T13:13:32","guid":{"rendered":"http:\/\/cptsruscino.fr\/?page_id=2"},"modified":"2025-05-26T18:20:57","modified_gmt":"2025-05-26T16:20:57","slug":"page-d-exemple","status":"publish","type":"page","link":"https:\/\/cptsruscino.fr\/?page_id=2","title":{"rendered":"Territoire"},"content":{"rendered":"\n<h2 class=\"wp-block-heading\">\ud83d\udccd Le territoire de la CPTS Ruscino<\/h2>\n\n\n\n<p>La CPTS Ruscino a vu le jour pour r\u00e9pondre aux besoins de sant\u00e9 du <strong>bassin Est de Perpignan<\/strong>, territoire caract\u00e9ris\u00e9 par une forte densit\u00e9 de population, une diversit\u00e9 sociale importante et des enjeux d\u2019acc\u00e8s aux soins pluriels. Ce secteur englobe notamment les quartiers Moulin-\u00e0-Vent, Champs de Mars, Las Cobas, Ch\u00e2teau-Roussillon, Mas Vermeil, ainsi que les communes Cabestany, Saleilles et Saint-Nazaire.<\/p>\n\n\n\n<p>Notre territoire d\u2019intervention s\u2019appuie sur une <strong>logique de proximit\u00e9 et de coh\u00e9rence de parcours<\/strong>, en lien direct avec les professionnels de sant\u00e9 d\u00e9j\u00e0 engag\u00e9s dans une dynamique collective.<\/p>\n\n\n\n<p>\ud83d\udc49 <strong>Un territoire en mouvement<\/strong><br>Depuis sa cr\u00e9ation, la CPTS Ruscino suscite un int\u00e9r\u00eat croissant, avec de <strong>nombreuses sollicitations venant d\u2019autres quartiers de Perpignan<\/strong> (centre-ville, Saint-Mathieu, Bas-Vernet, Moyen-Vernet, Haut-Vernet, Saint Assiscle&#8230;) et de <strong>communes limitrophes<\/strong> (Aleny\u00e0, Canet-en-Roussillon, Saint-Est\u00e8ve, Saint-Cyprien, Th\u00e9za).<br>Cette dynamique nous conduit \u00e0 r\u00e9fl\u00e9chir \u00e0 une <strong>\u00e9volution progressive du p\u00e9rim\u00e8tre d\u2019action<\/strong>, en concertation avec les acteurs du territoire et les institutions, afin de toujours mieux r\u00e9pondre aux r\u00e9alit\u00e9s de terrain.<\/p>\n\n\n\n<p>Notre ambition est de construire une <strong>communaut\u00e9 territoriale de sant\u00e9 souple et \u00e9volutive<\/strong>, capable de s\u2019adapter aux besoins en constante transformation des professionnels et des habitants.<\/p>\n\n\n\n<p>Le territoire de la CPTS Ruscino est actuellement constitu\u00e9 de 16 communes IRIS, situ\u00e9es \u00e0 l\u2019est du d\u00e9partement des Pyr\u00e9n\u00e9es-Orientales. Il s\u2019agit d\u2019une zone principalement urbaine avec une population de 47.617 habitants (Source<em> ARS-Insee-2017).<\/em>&nbsp;<\/p>\n\n\n\n<figure class=\"wp-block-image size-large is-style-default\"><img loading=\"lazy\" decoding=\"async\" width=\"1024\" height=\"924\" src=\"http:\/\/cptsruscino.fr\/wp-content\/uploads\/2022\/05\/Carte-CPTS-Avicenne-1024x924.png\" alt=\"\" class=\"wp-image-121\" srcset=\"https:\/\/cptsruscino.fr\/wp-content\/uploads\/2022\/05\/Carte-CPTS-Avicenne-1024x924.png 1024w, https:\/\/cptsruscino.fr\/wp-content\/uploads\/2022\/05\/Carte-CPTS-Avicenne-300x271.png 300w, https:\/\/cptsruscino.fr\/wp-content\/uploads\/2022\/05\/Carte-CPTS-Avicenne-768x693.png 768w, https:\/\/cptsruscino.fr\/wp-content\/uploads\/2022\/05\/Carte-CPTS-Avicenne-1536x1385.png 1536w, https:\/\/cptsruscino.fr\/wp-content\/uploads\/2022\/05\/Carte-CPTS-Avicenne-2048x1847.png 2048w\" sizes=\"(max-width: 1024px) 100vw, 1024px\" \/><\/figure>\n\n\n\n<figure class=\"wp-block-table\"><table><tbody><tr><td><strong>COMMUNES&nbsp;\/ QUARTIERS<\/strong><\/td><td><strong>CODE POSTAL<\/strong><\/td><td><strong>CODE INSEE<\/strong><\/td><\/tr><tr><td><em>Ouest (660280101) &#8211; Cabestany<\/em><\/td><td><em>66330<\/em><\/td><td><em>(660280101)<\/em><\/td><\/tr><tr><td><em>Nord (660280102) &#8211; Cabestany<\/em><\/td><td><em>66330<\/em><\/td><td><em>(660280102)<\/em><\/td><\/tr><tr><td><em>Est (660280103) &#8211; Cabestany<\/em><\/td><td><em>66330<\/em><\/td><td><em>(660280103)<\/em><\/td><\/tr><tr><td><em>Sud (660280104) &#8211; Cabestany<\/em><\/td><td><em>66330<\/em><\/td><td><em>(660280104)&nbsp;<\/em><\/td><\/tr><tr><td><em>Champs de Mars (661360801) &#8211; Perpignan<\/em><\/td><td><em>66000<\/em><\/td><td><em>(661360801)&nbsp;<\/em><\/td><\/tr><tr><td><em>Las Cobas 1 (661360901) &#8211; Perpignan<\/em><\/td><td><em>66000<\/em><\/td><td><em>(661360901<\/em><\/td><\/tr><tr><td><em>Las Cobas 2 (661360902) &#8211; Perpignan<\/em><\/td><td><em>66000<\/em><\/td><td><em>(661360902)<\/em><\/td><\/tr><tr><td><em>Saint-Gaud\u00e9rique (661361001) &#8211; Perpignan<\/em><\/td><td><em>66000<\/em><\/td><td><em>(661361001)<\/em><\/td><\/tr><tr><td><em>Clos Banet (661361101) &#8211; Perpignan<\/em><\/td><td><em>66000<\/em><\/td><td><em>(661361101<\/em><\/td><\/tr><tr><td><em>Route de Canet (661361202) &#8211; Perpignan<\/em><\/td><td><em>66000<\/em><\/td><td><em>(661361202)<\/em><\/td><\/tr><tr><td><em>Mas Vermeil (661361203) &#8211; Perpignan<\/em><\/td><td><em>66000<\/em><\/td><td><em>(661361203)<\/em><\/td><\/tr><tr><td><em>Moulin \u00e0 Vent 1 (661361901) &#8211; Perpignan<\/em><\/td><td><em>66000<\/em><\/td><td><em>(661361901)<\/em><\/td><\/tr><tr><td><em>Moulin \u00e0 Vent 2 (661361902) &#8211; Perpignan<\/em><\/td><td><em>66000<\/em><\/td><td><em>(661361902)<\/em><\/td><\/tr><tr><td><em>Moulin \u00e0 Vent 3 (661361903) &#8211; Perpignan<\/em><\/td><td><em>66000<\/em><\/td><td><em>(661361903)<\/em><\/td><\/tr><tr><td><em>Saint-Nazaire (661860000) &#8211; Saint-Nazaire<\/em><\/td><td><em>66570<\/em><\/td><td><em>(661860000)<\/em><\/td><\/tr><tr><td><em>Saleilles (661890000) &#8211; Saleilles<\/em><\/td><td><em>66280<\/em><\/td><td><em>(661890000)<\/em><\/td><\/tr><tr><td><strong>Nombre total de communes&nbsp;: 16<\/strong><\/td><\/tr><\/tbody><\/table><\/figure>\n","protected":false},"excerpt":{"rendered":"<p>\ud83d\udccd Le territoire de la CPTS Ruscino La CPTS Ruscino a vu le jour pour r\u00e9pondre aux besoins de sant\u00e9 du bassin Est de Perpignan, territoire caract\u00e9ris\u00e9 par une forte densit\u00e9 de population, une diversit\u00e9 sociale importante et des enjeux d\u2019acc\u00e8s aux soins pluriels. Ce secteur englobe notamment les quartiers Moulin-\u00e0-Vent, Champs de Mars, Las [&hellip;]<\/p>\n","protected":false},"author":1,"featured_media":0,"parent":0,"menu_order":0,"comment_status":"closed","ping_status":"open","template":"","meta":{"saved_in_kubio":false,"footnotes":""},"class_list":["post-2","page","type-page","status-publish","hentry"],"kubio_ai_page_context":{"short_desc":"","purpose":"general"},"_links":{"self":[{"href":"https:\/\/cptsruscino.fr\/index.php?rest_route=\/wp\/v2\/pages\/2","targetHints":{"allow":["GET"]}}],"collection":[{"href":"https:\/\/cptsruscino.fr\/index.php?rest_route=\/wp\/v2\/pages"}],"about":[{"href":"https:\/\/cptsruscino.fr\/index.php?rest_route=\/wp\/v2\/types\/page"}],"author":[{"embeddable":true,"href":"https:\/\/cptsruscino.fr\/index.php?rest_route=\/wp\/v2\/users\/1"}],"replies":[{"embeddable":true,"href":"https:\/\/cptsruscino.fr\/index.php?rest_route=%2Fwp%2Fv2%2Fcomments&post=2"}],"version-history":[{"count":9,"href":"https:\/\/cptsruscino.fr\/index.php?rest_route=\/wp\/v2\/pages\/2\/revisions"}],"predecessor-version":[{"id":591,"href":"https:\/\/cptsruscino.fr\/index.php?rest_route=\/wp\/v2\/pages\/2\/revisions\/591"}],"wp:attachment":[{"href":"https:\/\/cptsruscino.fr\/index.php?rest_route=%2Fwp%2Fv2%2Fmedia&parent=2"}],"curies":[{"name":"wp","href":"https:\/\/api.w.org\/{rel}","templated":true}]}}