{"id":267,"date":"2023-02-09T11:21:11","date_gmt":"2023-02-09T10:21:11","guid":{"rendered":"http:\/\/cptsruscino.fr\/?page_id=267"},"modified":"2026-08-29T16:52:10","modified_gmt":"2026-08-29T14:52:10","slug":"missions-et-groupes-de-travail","status":"publish","type":"page","link":"https:\/\/cptsruscino.fr\/?page_id=267","title":{"rendered":"Nos missions"},"content":{"rendered":"\n<p class=\"wp-block-paragraph\"><\/p>\n\n\n\n<h2 class=\"wp-block-heading\">Nos missions et groupes de travail<\/h2>\n\n\n\n<p class=\"wp-block-paragraph\">La CPTS Ruscino organise ses actions autour des priorit\u00e9s d\u00e9finies dans son projet de sant\u00e9, actualis\u00e9 et valid\u00e9 par l\u2019ARS en juin 2026. Ces actions r\u00e9pondent aux besoins identifi\u00e9s \u00e0 Perpignan, Cabestany, Saleilles et Saint-Nazaire.<\/p>\n\n\n\n<p class=\"wp-block-paragraph\"><\/p>\n\n\n\n<h3 class=\"wp-block-heading\">Les missions de la CPTS<\/h3>\n\n\n\n<p class=\"wp-block-paragraph\">La CPTS agit notamment pour :<\/p>\n\n\n\n<ul class=\"wp-block-list\">\n<li>am\u00e9liorer l\u2019acc\u00e8s aux soins et faciliter la recherche d\u2019un m\u00e9decin traitant ;<\/li>\n\n\n\n<li>organiser la r\u00e9ponse aux soins non programm\u00e9s ;<\/li>\n\n\n\n<li>d\u00e9velopper des parcours de sant\u00e9 coordonn\u00e9s ;<\/li>\n\n\n\n<li>mener des actions de pr\u00e9vention adapt\u00e9es au territoire ;<\/li>\n\n\n\n<li>pr\u00e9parer une r\u00e9ponse collective aux situations sanitaires exceptionnelles ;<\/li>\n\n\n\n<li>soutenir la qualit\u00e9, la pertinence des soins et le partage d\u2019exp\u00e9riences ;<\/li>\n\n\n\n<li>accompagner les professionnels de sant\u00e9 et renforcer les coop\u00e9rations locales.<\/li>\n<\/ul>\n\n\n\n<p class=\"wp-block-paragraph\"><\/p>\n\n\n\n<h3 class=\"wp-block-heading\">Une dynamique collective<\/h3>\n\n\n\n<p class=\"wp-block-paragraph\">Les projets sont construits avec les professionnels de sant\u00e9, les \u00e9tablissements, les acteurs sociaux et m\u00e9dico-sociaux, les collectivit\u00e9s, les associations et les usagers.<\/p>\n\n\n\n<p class=\"wp-block-paragraph\">Des groupes de travail sont constitu\u00e9s selon les actions et les besoins du territoire. Chaque adh\u00e9rent peut y participer, proposer une initiative ou contribuer ponctuellement \u00e0 un projet.<\/p>\n\n\n\n<p class=\"wp-block-paragraph\"><\/p>\n\n\n\n<h3 class=\"wp-block-heading\">Acc\u00e9der aux projets et participer<\/h3>\n\n\n\n<p class=\"wp-block-paragraph\">Les adh\u00e9rents retrouvent sur <strong>PLEXUS<\/strong> les actualit\u00e9s de la CPTS, les documents utiles, les formations, le calendrier des actions et les groupes de travail en cours.<\/p>\n\n\n\n<p class=\"wp-block-paragraph\">Pour rejoindre un groupe, proposer un projet ou obtenir de l\u2019aide concernant votre compte PLEXUS, vous pouvez nous \u00e9crire \u00e0 : <strong><a href=\"mailto:contact@cptsruscino.fr\">contact@cptsruscino.fr<\/a><\/strong>.<\/p>\n\n\n\n<p class=\"wp-block-paragraph\"><\/p>\n\n\n\n<figure class=\"wp-block-image size-large\"><img loading=\"lazy\" decoding=\"async\" width=\"1024\" height=\"535\" src=\"https:\/\/cptsruscino.fr\/wp-content\/uploads\/2026\/08\/WhatsApp-Image-2025-09-19-at-14.34.59-1024x535.jpeg\" alt=\"\" class=\"wp-image-1196\" srcset=\"https:\/\/cptsruscino.fr\/wp-content\/uploads\/2026\/08\/WhatsApp-Image-2025-09-19-at-14.34.59-1024x535.jpeg 1024w, https:\/\/cptsruscino.fr\/wp-content\/uploads\/2026\/08\/WhatsApp-Image-2025-09-19-at-14.34.59-300x157.jpeg 300w, https:\/\/cptsruscino.fr\/wp-content\/uploads\/2026\/08\/WhatsApp-Image-2025-09-19-at-14.34.59-767x401.jpeg 767w, https:\/\/cptsruscino.fr\/wp-content\/uploads\/2026\/08\/WhatsApp-Image-2025-09-19-at-14.34.59.jpeg 1387w\" sizes=\"(max-width: 1024px) 100vw, 1024px\" \/><\/figure>\n","protected":false},"excerpt":{"rendered":"<p>Nos missions et groupes de travail La CPTS Ruscino organise ses actions autour des priorit\u00e9s d\u00e9finies dans son projet de sant\u00e9, actualis\u00e9 et valid\u00e9 par l\u2019ARS en juin 2026. Ces actions r\u00e9pondent aux besoins identifi\u00e9s \u00e0 Perpignan, Cabestany, Saleilles et Saint-Nazaire. Les missions de la CPTS La CPTS agit notamment pour : Une dynamique collective [&hellip;]<\/p>\n","protected":false},"author":1,"featured_media":0,"parent":0,"menu_order":0,"comment_status":"closed","ping_status":"closed","template":"","meta":{"saved_in_kubio":true,"footnotes":""},"class_list":["post-267","page","type-page","status-publish","hentry"],"kubio_ai_page_context":{"short_desc":"","purpose":"general"},"_links":{"self":[{"href":"https:\/\/cptsruscino.fr\/index.php?rest_route=\/wp\/v2\/pages\/267","targetHints":{"allow":["GET"]}}],"collection":[{"href":"https:\/\/cptsruscino.fr\/index.php?rest_route=\/wp\/v2\/pages"}],"about":[{"href":"https:\/\/cptsruscino.fr\/index.php?rest_route=\/wp\/v2\/types\/page"}],"author":[{"embeddable":true,"href":"https:\/\/cptsruscino.fr\/index.php?rest_route=\/wp\/v2\/users\/1"}],"replies":[{"embeddable":true,"href":"https:\/\/cptsruscino.fr\/index.php?rest_route=%2Fwp%2Fv2%2Fcomments&post=267"}],"version-history":[{"count":33,"href":"https:\/\/cptsruscino.fr\/index.php?rest_route=\/wp\/v2\/pages\/267\/revisions"}],"predecessor-version":[{"id":1197,"href":"https:\/\/cptsruscino.fr\/index.php?rest_route=\/wp\/v2\/pages\/267\/revisions\/1197"}],"wp:attachment":[{"href":"https:\/\/cptsruscino.fr\/index.php?rest_route=%2Fwp%2Fv2%2Fmedia&parent=267"}],"curies":[{"name":"wp","href":"https:\/\/api.w.org\/{rel}","templated":true}]}}

<p class="wp-block-paragraph"></p>



<h2 class="wp-block-heading">Nos missions et groupes de travail</h2>



<p class="wp-block-paragraph">La CPTS Ruscino organise ses actions autour des priorités définies dans son projet de santé, actualisé et validé par l’ARS en juin 2026. Ces actions répondent aux besoins identifiés à Perpignan, Cabestany, Saleilles et Saint-Nazaire.</p>



<p class="wp-block-paragraph"></p>



<h3 class="wp-block-heading">Les missions de la CPTS</h3>



<p class="wp-block-paragraph">La CPTS agit notamment pour :</p>



<ul class="wp-block-list">
<li>améliorer l’accès aux soins et faciliter la recherche d’un médecin traitant ;</li>



<li>organiser la réponse aux soins non programmés ;</li>



<li>développer des parcours de santé coordonnés ;</li>



<li>mener des actions de prévention adaptées au territoire ;</li>



<li>préparer une réponse collective aux situations sanitaires exceptionnelles ;</li>



<li>soutenir la qualité, la pertinence des soins et le partage d’expériences ;</li>



<li>accompagner les professionnels de santé et renforcer les coopérations locales.</li>
</ul>



<p class="wp-block-paragraph"></p>



<h3 class="wp-block-heading">Une dynamique collective</h3>



<p class="wp-block-paragraph">Les projets sont construits avec les professionnels de santé, les établissements, les acteurs sociaux et médico-sociaux, les collectivités, les associations et les usagers.</p>



<p class="wp-block-paragraph">Des groupes de travail sont constitués selon les actions et les besoins du territoire. Chaque adhérent peut y participer, proposer une initiative ou contribuer ponctuellement à un projet.</p>



<p class="wp-block-paragraph"></p>



<h3 class="wp-block-heading">Accéder aux projets et participer</h3>



<p class="wp-block-paragraph">Les adhérents retrouvent sur <strong>PLEXUS</strong> les actualités de la CPTS, les documents utiles, les formations, le calendrier des actions et les groupes de travail en cours.</p>



<p class="wp-block-paragraph">Pour rejoindre un groupe, proposer un projet ou obtenir de l’aide concernant votre compte PLEXUS, vous pouvez nous écrire à : <strong><a href="mailto:contact@cptsruscino.fr">contact@cptsruscino.fr</a></strong>.</p>



<p class="wp-block-paragraph"></p>



<figure class="wp-block-image size-large"><img loading="lazy" decoding="async" width="1024" height="535" src="https://cptsruscino.fr/wp-content/uploads/2026/08/WhatsApp-Image-2025-09-19-at-14.34.59-1024x535.jpeg" alt="" class="wp-image-1196" srcset="https://cptsruscino.fr/wp-content/uploads/2026/08/WhatsApp-Image-2025-09-19-at-14.34.59-1024x535.jpeg 1024w, https://cptsruscino.fr/wp-content/uploads/2026/08/WhatsApp-Image-2025-09-19-at-14.34.59-300x157.jpeg 300w, https://cptsruscino.fr/wp-content/uploads/2026/08/WhatsApp-Image-2025-09-19-at-14.34.59-767x401.jpeg 767w, https://cptsruscino.fr/wp-content/uploads/2026/08/WhatsApp-Image-2025-09-19-at-14.34.59.jpeg 1387w" sizes="(max-width: 1024px) 100vw, 1024px" /></figure>

<p>Nos missions et groupes de travail La CPTS Ruscino organise ses actions autour des priorités définies dans son projet de santé, actualisé et validé par l’ARS en juin 2026. Ces actions répondent aux besoins identifiés à Perpignan, Cabestany, Saleilles et Saint-Nazaire. Les missions de la CPTS La CPTS agit notamment pour : Une dynamique collective [&hellip;]</p>
