{"id":267,"date":"2023-02-09T11:21:11","date_gmt":"2023-02-09T10:21:11","guid":{"rendered":"http:\/\/cptsruscino.fr\/?page_id=267"},"modified":"2025-06-13T18:27:06","modified_gmt":"2025-06-13T16:27:06","slug":"missions-et-groupes-de-travail","status":"publish","type":"page","link":"https:\/\/cptsruscino.fr\/?page_id=267","title":{"rendered":"Missions et groupes de travail"},"content":{"rendered":"\n<figure class=\"wp-block-image size-large\"><img loading=\"lazy\" decoding=\"async\" width=\"1024\" height=\"576\" src=\"http:\/\/cptsruscino.fr\/wp-content\/uploads\/2024\/05\/projet-de-sante-cpts-ruscino-1024x576.png\" alt=\"\" class=\"wp-image-412\" srcset=\"https:\/\/cptsruscino.fr\/wp-content\/uploads\/2024\/05\/projet-de-sante-cpts-ruscino-1024x576.png 1024w, https:\/\/cptsruscino.fr\/wp-content\/uploads\/2024\/05\/projet-de-sante-cpts-ruscino-300x169.png 300w, https:\/\/cptsruscino.fr\/wp-content\/uploads\/2024\/05\/projet-de-sante-cpts-ruscino-768x432.png 768w, https:\/\/cptsruscino.fr\/wp-content\/uploads\/2024\/05\/projet-de-sante-cpts-ruscino-1536x864.png 1536w, https:\/\/cptsruscino.fr\/wp-content\/uploads\/2024\/05\/projet-de-sante-cpts-ruscino.png 1920w\" sizes=\"(max-width: 1024px) 100vw, 1024px\" \/><\/figure>\n\n\n\n<h2 class=\"wp-block-heading\">Tous les membres de la CPTS Ruscino ont acc\u00e8s \u00e0 la plateforme en ligne PLEXUS. Cette plateforme leur permet de consulter l\u2019ensemble des informations et documents de la CPTS, de s\u2019inscrire aux groupes de travail et aux formations, ainsi que d\u2019acc\u00e9der au planning d\u00e9taill\u00e9 des actions en lien avec les missions socles et optionnelles.<\/h2>\n\n\n\n<p>Si vous n&rsquo;avez pas encore activ\u00e9 votre compte PLEXUS ou si vous avez \u00e9gar\u00e9 votre mot de passe, merci de nous le signaler par mail \u00e0 l&rsquo;adresse suivante : <a>contact@cptsruscino.fr<\/a>.<\/p>\n","protected":false},"excerpt":{"rendered":"<p>Tous les membres de la CPTS Ruscino ont acc\u00e8s \u00e0 la plateforme en ligne PLEXUS. Cette plateforme leur permet de consulter l\u2019ensemble des informations et documents de la CPTS, de s\u2019inscrire aux groupes de travail et aux formations, ainsi que d\u2019acc\u00e9der au planning d\u00e9taill\u00e9 des actions en lien avec les missions socles et optionnelles. Si [&hellip;]<\/p>\n","protected":false},"author":1,"featured_media":0,"parent":0,"menu_order":0,"comment_status":"closed","ping_status":"closed","template":"","meta":{"saved_in_kubio":true,"footnotes":""},"class_list":["post-267","page","type-page","status-publish","hentry"],"kubio_ai_page_context":{"short_desc":"","purpose":"general"},"_links":{"self":[{"href":"https:\/\/cptsruscino.fr\/index.php?rest_route=\/wp\/v2\/pages\/267","targetHints":{"allow":["GET"]}}],"collection":[{"href":"https:\/\/cptsruscino.fr\/index.php?rest_route=\/wp\/v2\/pages"}],"about":[{"href":"https:\/\/cptsruscino.fr\/index.php?rest_route=\/wp\/v2\/types\/page"}],"author":[{"embeddable":true,"href":"https:\/\/cptsruscino.fr\/index.php?rest_route=\/wp\/v2\/users\/1"}],"replies":[{"embeddable":true,"href":"https:\/\/cptsruscino.fr\/index.php?rest_route=%2Fwp%2Fv2%2Fcomments&post=267"}],"version-history":[{"count":29,"href":"https:\/\/cptsruscino.fr\/index.php?rest_route=\/wp\/v2\/pages\/267\/revisions"}],"predecessor-version":[{"id":532,"href":"https:\/\/cptsruscino.fr\/index.php?rest_route=\/wp\/v2\/pages\/267\/revisions\/532"}],"wp:attachment":[{"href":"https:\/\/cptsruscino.fr\/index.php?rest_route=%2Fwp%2Fv2%2Fmedia&parent=267"}],"curies":[{"name":"wp","href":"https:\/\/api.w.org\/{rel}","templated":true}]}}