{"id":592,"date":"2025-06-10T17:17:18","date_gmt":"2025-06-10T15:17:18","guid":{"rendered":"https:\/\/cptsruscino.fr\/?page_id=592"},"modified":"2025-06-10T23:04:15","modified_gmt":"2025-06-10T21:04:15","slug":"situations-sanitaires-exceptionnelles","status":"publish","type":"page","link":"https:\/\/cptsruscino.fr\/?page_id=592","title":{"rendered":"Situations Sanitaires Exceptionnelles"},"content":{"rendered":"\n<h2 class=\"wp-block-heading\">Une coordination territoriale au service de la population, m\u00eame en temps de crise<\/h2>\n\n\n\n<p>La <strong>CPTS Ruscino<\/strong> est un acteur de terrain essentiel pour anticiper, organiser et r\u00e9pondre aux <strong>Situations Sanitaires Exceptionnelles (SSE)<\/strong> sur le territoire : \u00e9pid\u00e9mies, canicules, accidents collectifs, ruptures d\u2019acc\u00e8s aux soins\u2026 Ces \u00e9v\u00e9nements n\u00e9cessitent une mobilisation rapide, structur\u00e9e et collective.<\/p>\n\n\n\n<h3 class=\"wp-block-heading\">Une \u00e9quipe form\u00e9e et pr\u00eate \u00e0 agir<\/h3>\n\n\n\n<p>L\u2019ensemble de l\u2019<strong>\u00e9quipe de coordination de la CPTS Ruscino a suivi la formation de l\u2019\u00c9cole des Hautes \u00c9tudes en Sant\u00e9 Publique (EHESP)<\/strong>, sp\u00e9cialement con\u00e7ue pour les coordonnateurs de CPTS en charge des SSE. Cette formation renforce nos capacit\u00e9s \u00e0 :<\/p>\n\n\n\n<ul class=\"wp-block-list\">\n<li>Mettre en place une <strong>cellule de coordination de crise territoriale<\/strong>.<\/li>\n\n\n\n<li>Assurer le <strong>lien entre les professionnels de sant\u00e9 lib\u00e9raux, les \u00e9tablissements, les collectivit\u00e9s et l\u2019ARS<\/strong>.<\/li>\n\n\n\n<li>D\u00e9ployer des r\u00e9ponses sanitaires adapt\u00e9es, y compris en dehors des horaires habituels.<\/li>\n<\/ul>\n\n\n\n<h3 class=\"wp-block-heading\">Nos actions en cas de crise<\/h3>\n\n\n\n<ul class=\"wp-block-list\">\n<li>Activation de plans territoriaux (canicule, COVID, afflux de bless\u00e9s\u2026)<\/li>\n\n\n\n<li>Mobilisation des professionnels volontaires du territoire<\/li>\n\n\n\n<li>Communication rapide et fiable aupr\u00e8s des professionnels et de la population<\/li>\n\n\n\n<li>Organisation logistique (astreintes, lieux de soins exceptionnels, mat\u00e9riels)<\/li>\n<\/ul>\n\n\n\n<h3 class=\"wp-block-heading\">Pr\u00e9venir, former, renforcer la r\u00e9silience<\/h3>\n\n\n\n<p>Au-del\u00e0 de la r\u00e9ponse imm\u00e9diate, la CPTS Ruscino agit dans la <strong>pr\u00e9vention et la pr\u00e9paration<\/strong> des SSE :<\/p>\n\n\n\n<ul class=\"wp-block-list\">\n<li><strong>Formations et exercices de simulation<\/strong> pour les professionnels<\/li>\n\n\n\n<li><strong>Sensibilisation de la population<\/strong> aux risques sanitaires<\/li>\n\n\n\n<li>\u00c9laboration de <strong>plans d\u2019action territoriaux partag\u00e9s<\/strong><\/li>\n<\/ul>\n\n\n\n<figure class=\"wp-block-image size-full\"><img loading=\"lazy\" decoding=\"async\" width=\"1024\" height=\"1024\" src=\"https:\/\/cptsruscino.fr\/wp-content\/uploads\/2025\/06\/ChatGPT-Image-10-juin-2025-17_30_46-1.png\" alt=\"\" class=\"wp-image-596\" srcset=\"https:\/\/cptsruscino.fr\/wp-content\/uploads\/2025\/06\/ChatGPT-Image-10-juin-2025-17_30_46-1.png 1024w, https:\/\/cptsruscino.fr\/wp-content\/uploads\/2025\/06\/ChatGPT-Image-10-juin-2025-17_30_46-1-300x300.png 300w, https:\/\/cptsruscino.fr\/wp-content\/uploads\/2025\/06\/ChatGPT-Image-10-juin-2025-17_30_46-1-150x150.png 150w, https:\/\/cptsruscino.fr\/wp-content\/uploads\/2025\/06\/ChatGPT-Image-10-juin-2025-17_30_46-1-768x768.png 768w, https:\/\/cptsruscino.fr\/wp-content\/uploads\/2025\/06\/ChatGPT-Image-10-juin-2025-17_30_46-1-225x225.png 225w\" sizes=\"(max-width: 1024px) 100vw, 1024px\" \/><\/figure>\n\n\n\n<p><\/p>\n","protected":false},"excerpt":{"rendered":"<p>Une coordination territoriale au service de la population, m\u00eame en temps de crise La CPTS Ruscino est un acteur de terrain essentiel pour anticiper, organiser et r\u00e9pondre aux Situations Sanitaires Exceptionnelles (SSE) sur le territoire : \u00e9pid\u00e9mies, canicules, accidents collectifs, ruptures d\u2019acc\u00e8s aux soins\u2026 Ces \u00e9v\u00e9nements n\u00e9cessitent une mobilisation rapide, structur\u00e9e et collective. Une \u00e9quipe [&hellip;]<\/p>\n","protected":false},"author":1,"featured_media":0,"parent":0,"menu_order":0,"comment_status":"closed","ping_status":"closed","template":"","meta":{"saved_in_kubio":false,"footnotes":""},"class_list":["post-592","page","type-page","status-publish","hentry"],"kubio_ai_page_context":{"short_desc":"","purpose":"general"},"_links":{"self":[{"href":"https:\/\/cptsruscino.fr\/index.php?rest_route=\/wp\/v2\/pages\/592","targetHints":{"allow":["GET"]}}],"collection":[{"href":"https:\/\/cptsruscino.fr\/index.php?rest_route=\/wp\/v2\/pages"}],"about":[{"href":"https:\/\/cptsruscino.fr\/index.php?rest_route=\/wp\/v2\/types\/page"}],"author":[{"embeddable":true,"href":"https:\/\/cptsruscino.fr\/index.php?rest_route=\/wp\/v2\/users\/1"}],"replies":[{"embeddable":true,"href":"https:\/\/cptsruscino.fr\/index.php?rest_route=%2Fwp%2Fv2%2Fcomments&post=592"}],"version-history":[{"count":2,"href":"https:\/\/cptsruscino.fr\/index.php?rest_route=\/wp\/v2\/pages\/592\/revisions"}],"predecessor-version":[{"id":598,"href":"https:\/\/cptsruscino.fr\/index.php?rest_route=\/wp\/v2\/pages\/592\/revisions\/598"}],"wp:attachment":[{"href":"https:\/\/cptsruscino.fr\/index.php?rest_route=%2Fwp%2Fv2%2Fmedia&parent=592"}],"curies":[{"name":"wp","href":"https:\/\/api.w.org\/{rel}","templated":true}]}}