{"id":758,"date":"2025-10-14T15:27:57","date_gmt":"2025-10-14T13:27:57","guid":{"rendered":"https:\/\/cptsruscino.fr\/?page_id=758"},"modified":"2025-10-15T15:11:17","modified_gmt":"2025-10-15T13:11:17","slug":"patients-en-ald-sans-medecin-traitant","status":"publish","type":"page","link":"https:\/\/cptsruscino.fr\/?page_id=758","title":{"rendered":"Patients en ALD sans m\u00e9decin traitant"},"content":{"rendered":"\n<p>La CPTS Ruscino vous contacte pour vous orienter vers une structure de soins selon votre commune et les disponibilit\u00e9s locales. Nous ne collectons aucune information m\u00e9dicale.<\/p>\n\n\n\n<p>La CPTS Ruscino agit activement pour faciliter l\u2019acc\u00e8s \u00e0 un m\u00e9decin traitant, notamment pour les patients en affection de longue dur\u00e9e (ALD). Cependant, le contexte actuel de d\u00e9mographie m\u00e9dicale rend cette mission particuli\u00e8rement difficile.<\/p>\n\n\n\n<p><\/p>\n\n\n<style id=\"wpforms-css-vars-747-block-eb90bfeb-899e-4c8c-8c2f-83049ed9d171\">\n\t\t\t\t#wpforms-747.wpforms-block-eb90bfeb-899e-4c8c-8c2f-83049ed9d171 {\n\t\t\t\t--wpforms-field-size-input-height: 43px;\n--wpforms-field-size-input-spacing: 15px;\n--wpforms-field-size-font-size: 16px;\n--wpforms-field-size-line-height: 19px;\n--wpforms-field-size-padding-h: 14px;\n--wpforms-field-size-checkbox-size: 16px;\n--wpforms-field-size-sublabel-spacing: 5px;\n--wpforms-field-size-icon-size: 1;\n--wpforms-label-size-font-size: 16px;\n--wpforms-label-size-line-height: 19px;\n--wpforms-label-size-sublabel-font-size: 14px;\n--wpforms-label-size-sublabel-line-height: 17px;\n--wpforms-button-size-font-size: 17px;\n--wpforms-button-size-height: 41px;\n--wpforms-button-size-padding-h: 15px;\n--wpforms-button-size-margin-top: 10px;\n\t\t\t}\n\t\t\t<\/style><div class=\"wpforms-container wpforms-container-full wpforms-block wpforms-block-eb90bfeb-899e-4c8c-8c2f-83049ed9d171 wpforms-render-modern\" id=\"wpforms-747\"><form id=\"wpforms-form-747\" class=\"wpforms-validate wpforms-form wpforms-ajax-form\" data-formid=\"747\" method=\"post\" enctype=\"multipart\/form-data\" action=\"\/index.php?rest_route=%2Fwp%2Fv2%2Fpages%2F758\" data-token=\"6461ae085ef27861c095a5b8d4cfc19b\" data-token-time=\"1775938192\"><noscript class=\"wpforms-error-noscript\">Veuillez activer JavaScript dans votre navigateur pour remplir ce formulaire.<\/noscript><div id=\"wpforms-error-noscript\" style=\"display: none;\">Veuillez activer JavaScript dans votre navigateur pour remplir ce formulaire.<\/div><div class=\"wpforms-field-container\"><div id=\"wpforms-747-field_7-container\" class=\"wpforms-field wpforms-field-name\" data-field-id=\"7\"><fieldset><legend class=\"wpforms-field-label\">Nom <span class=\"wpforms-required-label\" aria-hidden=\"true\">*<\/span><\/legend><div class=\"wpforms-field-row wpforms-field-medium\"><div class=\"wpforms-field-row-block wpforms-first wpforms-one-half\"><input type=\"text\" id=\"wpforms-747-field_7\" class=\"wpforms-field-name-first wpforms-field-required\" name=\"wpforms[fields][7][first]\" aria-errormessage=\"wpforms-747-field_7-error\" required><label for=\"wpforms-747-field_7\" class=\"wpforms-field-sublabel after\">Pr\u00e9nom<\/label><\/div><div class=\"wpforms-field-row-block wpforms-one-half\"><input type=\"text\" id=\"wpforms-747-field_7-last\" class=\"wpforms-field-name-last wpforms-field-required\" name=\"wpforms[fields][7][last]\" aria-errormessage=\"wpforms-747-field_7-last-error\" required><label for=\"wpforms-747-field_7-last\" class=\"wpforms-field-sublabel after\">Nom<\/label><\/div><\/div><\/fieldset><\/div><div id=\"wpforms-747-field_8-container\" class=\"wpforms-field wpforms-field-select wpforms-field-select-style-classic\" data-field-id=\"8\"><label class=\"wpforms-field-label\" for=\"wpforms-747-field_8\">Votre \u00e2ge <span class=\"wpforms-required-label\" aria-hidden=\"true\">*<\/span><\/label><select id=\"wpforms-747-field_8\" class=\"wpforms-field-medium wpforms-field-required\" name=\"wpforms[fields][8]\" required=\"required\"><option value=\"0-16 ans\"  class=\"choice-1 depth-1\"  >0-16 ans<\/option><option value=\"17-25 ans\"  class=\"choice-2 depth-1\"  >17-25 ans<\/option><option value=\"26-65 ans\"  class=\"choice-3 depth-1\"  >26-65 ans<\/option><option value=\"66-74 ans\"  class=\"choice-4 depth-1\"  >66-74 ans<\/option><option value=\"&gt;75 ans\"  selected='selected' class=\"choice-5 depth-1\"  >&gt;75 ans<\/option><\/select><\/div>\t\t<div id=\"wpforms-747-field_1-container\"\n\t\t\tclass=\"wpforms-field wpforms-field-text\"\n\t\t\tdata-field-type=\"text\"\n\t\t\tdata-field-id=\"1\"\n\t\t\t>\n\t\t\t<label class=\"wpforms-field-label\" for=\"wpforms-747-field_1\" >Cases cocher \u00e0<\/label>\n\t\t\t<input type=\"text\" id=\"wpforms-747-field_1\" class=\"wpforms-field-medium\" name=\"wpforms[fields][1]\" >\n\t\t<\/div>\n\t\t<div id=\"wpforms-747-field_2-container\" class=\"wpforms-field wpforms-field-text\" data-field-id=\"2\"><label class=\"wpforms-field-label\" for=\"wpforms-747-field_2\">T\u00e9l\u00e9phone<\/label><input type=\"text\" id=\"wpforms-747-field_2\" class=\"wpforms-field-medium\" name=\"wpforms[fields][2]\" aria-errormessage=\"wpforms-747-field_2-error\" ><\/div><div id=\"wpforms-747-field_4-container\" class=\"wpforms-field wpforms-field-email\" data-field-id=\"4\"><label class=\"wpforms-field-label\" for=\"wpforms-747-field_4\">E-mail <span class=\"wpforms-required-label\" aria-hidden=\"true\">*<\/span><\/label><input type=\"email\" id=\"wpforms-747-field_4\" class=\"wpforms-field-medium wpforms-field-required\" name=\"wpforms[fields][4]\" spellcheck=\"false\" aria-errormessage=\"wpforms-747-field_4-error\" required><\/div><div id=\"wpforms-747-field_5-container\" class=\"wpforms-field wpforms-field-radio\" data-field-id=\"5\"><fieldset><legend class=\"wpforms-field-label\">Commune<\/legend><ul id=\"wpforms-747-field_5\"><li class=\"choice-1 depth-1\"><input type=\"radio\" id=\"wpforms-747-field_5_1\" name=\"wpforms[fields][5]\" value=\"Perpignan\" aria-errormessage=\"wpforms-747-field_5_1-error\"  ><label class=\"wpforms-field-label-inline\" for=\"wpforms-747-field_5_1\">Perpignan<\/label><\/li><li class=\"choice-2 depth-1\"><input type=\"radio\" id=\"wpforms-747-field_5_2\" name=\"wpforms[fields][5]\" value=\"Cabestany\" aria-errormessage=\"wpforms-747-field_5_2-error\"  ><label class=\"wpforms-field-label-inline\" for=\"wpforms-747-field_5_2\">Cabestany<\/label><\/li><li class=\"choice-3 depth-1\"><input type=\"radio\" id=\"wpforms-747-field_5_3\" name=\"wpforms[fields][5]\" value=\"Saleilles\" aria-errormessage=\"wpforms-747-field_5_3-error\"  ><label class=\"wpforms-field-label-inline\" for=\"wpforms-747-field_5_3\">Saleilles<\/label><\/li><li class=\"choice-4 depth-1\"><input type=\"radio\" id=\"wpforms-747-field_5_4\" name=\"wpforms[fields][5]\" value=\"Saint Nazaire\" aria-errormessage=\"wpforms-747-field_5_4-error\"  ><label class=\"wpforms-field-label-inline\" for=\"wpforms-747-field_5_4\">Saint Nazaire<\/label><\/li><\/ul><\/fieldset><\/div><div id=\"wpforms-747-field_6-container\" class=\"wpforms-field wpforms-field-payment-checkbox\" data-field-id=\"6\"><fieldset><legend class=\"wpforms-field-label\">Cases \u00e0 cocher (obligatoire) <span class=\"wpforms-required-label\" aria-hidden=\"true\">*<\/span><\/legend><ul id=\"wpforms-747-field_6\" class=\"wpforms-field-required\"><li class=\"choice-5\"><input type=\"checkbox\" id=\"wpforms-747-field_6_5\" class=\"wpforms-payment-price\" data-amount=\"0.00\" name=\"wpforms[fields][6][]\" value=\"5\" aria-errormessage=\"wpforms-747-field_6_5-error\" required ><label class=\"wpforms-field-label-inline\" for=\"wpforms-747-field_6_5\">Je confirme souhaiter \u00eatre accompagn\u00e9 par la CPTS Ruscino dans ma recherche d\u2019un m\u00e9decin traitant.<\/label><\/li><li class=\"choice-6\"><input type=\"checkbox\" id=\"wpforms-747-field_6_6\" class=\"wpforms-payment-price\" data-amount=\"0.00\" name=\"wpforms[fields][6][]\" value=\"6\" aria-errormessage=\"wpforms-747-field_6_6-error\" required ><label class=\"wpforms-field-label-inline\" for=\"wpforms-747-field_6_6\">Je comprends que le fait de remplir ce formulaire ne garantit pas l\u2019obtention d\u2019un m\u00e9decin traitant.<\/label><\/li><li class=\"choice-4\"><input type=\"checkbox\" id=\"wpforms-747-field_6_4\" class=\"wpforms-payment-price\" data-amount=\"0.00\" name=\"wpforms[fields][6][]\" value=\"4\" aria-errormessage=\"wpforms-747-field_6_4-error\" required ><label class=\"wpforms-field-label-inline\" for=\"wpforms-747-field_6_4\">J&rsquo;autorise la CPTS Ruscino \u00e0 me recontacter au sujet de mon orientation vers un m\u00e9decin<\/label><\/li><li class=\"choice-1\"><input type=\"checkbox\" id=\"wpforms-747-field_6_1\" class=\"wpforms-payment-price\" data-amount=\"0.00\" name=\"wpforms[fields][6][]\" value=\"1\" aria-errormessage=\"wpforms-747-field_6_1-error\" required ><label class=\"wpforms-field-label-inline\" for=\"wpforms-747-field_6_1\">Je comprends que la CPTS Ruscino ne collecte aucune donn\u00e9e de sant\u00e9<\/label><\/li><\/ul><\/fieldset><\/div><script>\n\t\t\t\t( function() {\n\t\t\t\t\tconst style = document.createElement( 'style' );\n\t\t\t\t\tstyle.appendChild( document.createTextNode( '#wpforms-747-field_1-container { position: absolute !important; overflow: hidden !important; display: inline !important; height: 1px !important; width: 1px !important; z-index: -1000 !important; padding: 0 !important; } #wpforms-747-field_1-container input { visibility: hidden; } #wpforms-conversational-form-page #wpforms-747-field_1-container label { counter-increment: none; }' ) );\n\t\t\t\t\tdocument.head.appendChild( style );\n\t\t\t\t\tdocument.currentScript?.remove();\n\t\t\t\t} )();\n\t\t\t<\/script><\/div><!-- .wpforms-field-container --><div class=\"wpforms-submit-container\" ><input type=\"hidden\" name=\"wpforms[id]\" value=\"747\"><input type=\"hidden\" name=\"page_title\" value=\"\"><input type=\"hidden\" name=\"page_url\" value=\"https:\/\/cptsruscino.fr\/index.php?rest_route=\/wp\/v2\/pages\/758\"><input type=\"hidden\" name=\"url_referer\" value=\"\"><button type=\"submit\" name=\"wpforms[submit]\" id=\"wpforms-submit-747\" class=\"wpforms-submit\" data-alt-text=\"Envoi...\" data-submit-text=\"Envoyer\" aria-live=\"assertive\" value=\"wpforms-submit\">Envoyer<\/button><img loading=\"lazy\" decoding=\"async\" src=\"https:\/\/cptsruscino.fr\/wp-content\/plugins\/wpforms-lite\/assets\/images\/submit-spin.svg\" class=\"wpforms-submit-spinner\" style=\"display: none;\" width=\"26\" height=\"26\" alt=\"Chargement en cours\"><\/div><\/form><\/div>  <!-- .wpforms-container -->\n\n\n<div class=\"wp-block-buttons is-layout-flex wp-block-buttons-is-layout-flex\">\n<div class=\"wp-block-button\"><a class=\"wp-block-button__link wp-element-button\">FAQ rapide<\/a><\/div>\n<\/div>\n\n\n\n<p><strong>Pourquoi ne pas d\u00e9crire ma situation m\u00e9dicale&nbsp;?<\/strong><br>Parce que nous ne collectons ni ne stockons de donn\u00e9es de sant\u00e9 sur ce site. Nous vous recontacterons uniquement avec vos coordonn\u00e9es et votre commune.<\/p>\n\n\n\n<p><strong>Vos droits<\/strong><br>Conform\u00e9ment au R\u00e8glement G\u00e9n\u00e9ral sur la Protection des Donn\u00e9es (RGPD), vous disposez d\u2019un droit d\u2019acc\u00e8s, de rectification, d\u2019effacement et d\u2019opposition concernant vos donn\u00e9es. Vous pouvez exercer ces droits \u00e0 tout moment en contactant la CPTS Ruscino. Pour exercer vos droits, \u00e9crivez-nous \u00e0 contact@cptsruscino.fr. <strong>Merci de fournir aucune information m\u00e9dicale dans vos messages.<\/strong><\/p>\n\n\n\n<div class=\"wp-block-buttons is-layout-flex wp-block-buttons-is-layout-flex\">\n<div class=\"wp-block-button\"><a class=\"wp-block-button__link wp-element-button\">Information RGPD<\/a><\/div>\n<\/div>\n\n\n\n<p><strong>Responsable<\/strong>&nbsp;: CPTS RUSCINO.&nbsp;<strong>Finalit\u00e9<\/strong>&nbsp;: prise de contact pour&nbsp;<em>orientation vers un m\u00e9decin<\/em>, sans collecte de donn\u00e9es de sant\u00e9.&nbsp;<strong>Base l\u00e9gale<\/strong>&nbsp;: int\u00e9r\u00eat l\u00e9gitime (art. 6\u20111\u2011f RGPD) ou mission d\u2019int\u00e9r\u00eat public (art. 6\u20111\u2011e) si applicable.<\/p>\n\n\n\n<p><strong>Donn\u00e9es trait\u00e9es<\/strong>\u00a0: nom, pr\u00e9nom, coordonn\u00e9es (t\u00e9l\u00e9phone et\/ou e\u2011mail), tranche d&rsquo;\u00e2ge, commune.\u00a0<strong>Dur\u00e9e<\/strong>\u00a0: 30 jours max, puis suppression.\u00a0<strong>Destinataires<\/strong>\u00a0: \u00e9quipe coordination CPTS Ruscino et, le cas \u00e9ch\u00e9ant, structure de soins ou professionnel de sant\u00e9 destinataire.\u00a0<strong>H\u00e9bergement<\/strong>\u00a0: OVH<\/p>\n","protected":false},"excerpt":{"rendered":"<p>La CPTS Ruscino vous contacte pour vous orienter vers une structure de soins selon votre commune et les disponibilit\u00e9s locales. Nous ne collectons aucune information m\u00e9dicale. La CPTS Ruscino agit activement pour faciliter l\u2019acc\u00e8s \u00e0 un m\u00e9decin traitant, notamment pour les patients en affection de longue dur\u00e9e (ALD). Cependant, le contexte actuel de d\u00e9mographie m\u00e9dicale [&hellip;]<\/p>\n","protected":false},"author":1,"featured_media":0,"parent":0,"menu_order":0,"comment_status":"closed","ping_status":"closed","template":"","meta":{"saved_in_kubio":false,"footnotes":""},"class_list":["post-758","page","type-page","status-publish","hentry"],"kubio_ai_page_context":{"short_desc":"","purpose":"general"},"_links":{"self":[{"href":"https:\/\/cptsruscino.fr\/index.php?rest_route=\/wp\/v2\/pages\/758","targetHints":{"allow":["GET"]}}],"collection":[{"href":"https:\/\/cptsruscino.fr\/index.php?rest_route=\/wp\/v2\/pages"}],"about":[{"href":"https:\/\/cptsruscino.fr\/index.php?rest_route=\/wp\/v2\/types\/page"}],"author":[{"embeddable":true,"href":"https:\/\/cptsruscino.fr\/index.php?rest_route=\/wp\/v2\/users\/1"}],"replies":[{"embeddable":true,"href":"https:\/\/cptsruscino.fr\/index.php?rest_route=%2Fwp%2Fv2%2Fcomments&post=758"}],"version-history":[{"count":6,"href":"https:\/\/cptsruscino.fr\/index.php?rest_route=\/wp\/v2\/pages\/758\/revisions"}],"predecessor-version":[{"id":776,"href":"https:\/\/cptsruscino.fr\/index.php?rest_route=\/wp\/v2\/pages\/758\/revisions\/776"}],"wp:attachment":[{"href":"https:\/\/cptsruscino.fr\/index.php?rest_route=%2Fwp%2Fv2%2Fmedia&parent=758"}],"curies":[{"name":"wp","href":"https:\/\/api.w.org\/{rel}","templated":true}]}}