{"id":871,"date":"2026-01-27T10:03:57","date_gmt":"2026-01-27T09:03:57","guid":{"rendered":"https:\/\/cptsruscino.fr\/?page_id=871"},"modified":"2026-02-10T10:15:44","modified_gmt":"2026-02-10T09:15:44","slug":"parcours-de-sante","status":"publish","type":"page","link":"https:\/\/cptsruscino.fr\/?page_id=871","title":{"rendered":"Parcours de sant\u00e9"},"content":{"rendered":"\n<p>Les parcours de sant\u00e9 de la CPTS Ruscino visent \u00e0 am\u00e9liorer la coordination des soins autour de probl\u00e9matiques de sant\u00e9 prioritaires du territoire. Ils permettent une prise en charge plus fluide et mieux adapt\u00e9e aux besoins des patients, en lien avec les professionnels de sant\u00e9 et les partenaires locaux.<\/p>\n\n\n\n<p>Dans le cadre de son contrat ACI, la CPTS Ruscino d\u00e9veloppe actuellement deux parcours prioritaires :<br>\u2022 l\u2019insuffisance cardiaque<br>\u2022 la sant\u00e9 mentale<\/p>\n\n\n\n<p><strong>Parcours insuffisance cardiaque<\/strong><\/p>\n\n\n\n<p>Ce parcours a pour objectif d\u2019am\u00e9liorer le suivi des patients atteints d\u2019insuffisance cardiaque et de pr\u00e9venir les complications. Il repose sur une coordination renforc\u00e9e entre les professionnels de sant\u00e9 du territoire et un accompagnement du patient dans la gestion de sa maladie.<\/p>\n\n\n\n<p><strong>Parcours sant\u00e9 mentale<\/strong><\/p>\n\n\n\n<p>Ce parcours vise \u00e0 faciliter l\u2019acc\u00e8s aux soins en sant\u00e9 mentale et \u00e0 renforcer l\u2019accompagnement des personnes en souffrance psychique. Il s\u2019appuie sur un travail coordonn\u00e9 entre professionnels de premier recours, sp\u00e9cialistes et partenaires m\u00e9dico-sociaux du territoire.<\/p>\n\n\n<div class=\"wp-block-image\">\n<figure class=\"aligncenter size-large is-resized\"><img loading=\"lazy\" decoding=\"async\" width=\"683\" height=\"1024\" src=\"https:\/\/cptsruscino.fr\/wp-content\/uploads\/2026\/02\/WhatsApp-Image-2026-02-10-at-10.09.35-683x1024.jpeg\" alt=\"\" class=\"wp-image-918\" style=\"width:300px\" srcset=\"https:\/\/cptsruscino.fr\/wp-content\/uploads\/2026\/02\/WhatsApp-Image-2026-02-10-at-10.09.35-683x1024.jpeg 683w, https:\/\/cptsruscino.fr\/wp-content\/uploads\/2026\/02\/WhatsApp-Image-2026-02-10-at-10.09.35-200x300.jpeg 200w, https:\/\/cptsruscino.fr\/wp-content\/uploads\/2026\/02\/WhatsApp-Image-2026-02-10-at-10.09.35-768x1152.jpeg 768w, https:\/\/cptsruscino.fr\/wp-content\/uploads\/2026\/02\/WhatsApp-Image-2026-02-10-at-10.09.35-720x1080.jpeg 720w, https:\/\/cptsruscino.fr\/wp-content\/uploads\/2026\/02\/WhatsApp-Image-2026-02-10-at-10.09.35.jpeg 1024w\" sizes=\"(max-width: 683px) 100vw, 683px\" \/><\/figure>\n<\/div>\n\n\n<p class=\"has-text-align-center\"><em>Yves Marelli &#8211; Coordonnateur Parcours de Sant\u00e9<\/em><\/p>\n","protected":false},"excerpt":{"rendered":"<p>Les parcours de sant\u00e9 de la CPTS Ruscino visent \u00e0 am\u00e9liorer la coordination des soins autour de probl\u00e9matiques de sant\u00e9 prioritaires du territoire. Ils permettent une prise en charge plus fluide et mieux adapt\u00e9e aux besoins des patients, en lien avec les professionnels de sant\u00e9 et les partenaires locaux. Dans le cadre de son contrat [&hellip;]<\/p>\n","protected":false},"author":1,"featured_media":0,"parent":0,"menu_order":0,"comment_status":"closed","ping_status":"closed","template":"","meta":{"saved_in_kubio":false,"footnotes":""},"class_list":["post-871","page","type-page","status-publish","hentry"],"kubio_ai_page_context":{"short_desc":"","purpose":"general"},"_links":{"self":[{"href":"https:\/\/cptsruscino.fr\/index.php?rest_route=\/wp\/v2\/pages\/871","targetHints":{"allow":["GET"]}}],"collection":[{"href":"https:\/\/cptsruscino.fr\/index.php?rest_route=\/wp\/v2\/pages"}],"about":[{"href":"https:\/\/cptsruscino.fr\/index.php?rest_route=\/wp\/v2\/types\/page"}],"author":[{"embeddable":true,"href":"https:\/\/cptsruscino.fr\/index.php?rest_route=\/wp\/v2\/users\/1"}],"replies":[{"embeddable":true,"href":"https:\/\/cptsruscino.fr\/index.php?rest_route=%2Fwp%2Fv2%2Fcomments&post=871"}],"version-history":[{"count":5,"href":"https:\/\/cptsruscino.fr\/index.php?rest_route=\/wp\/v2\/pages\/871\/revisions"}],"predecessor-version":[{"id":921,"href":"https:\/\/cptsruscino.fr\/index.php?rest_route=\/wp\/v2\/pages\/871\/revisions\/921"}],"wp:attachment":[{"href":"https:\/\/cptsruscino.fr\/index.php?rest_route=%2Fwp%2Fv2%2Fmedia&parent=871"}],"curies":[{"name":"wp","href":"https:\/\/api.w.org\/{rel}","templated":true}]}}

Parcours de santé

<p>Les parcours de santé de la CPTS Ruscino visent à améliorer la coordination des soins autour de problématiques de santé prioritaires du territoire. Ils permettent une prise en charge plus fluide et mieux adaptée aux besoins des patients, en lien avec les professionnels de santé et les partenaires locaux.</p>



<p>Dans le cadre de son contrat ACI, la CPTS Ruscino développe actuellement deux parcours prioritaires :<br>• l’insuffisance cardiaque<br>• la santé mentale</p>



<p><strong>Parcours insuffisance cardiaque</strong></p>



<p>Ce parcours a pour objectif d’améliorer le suivi des patients atteints d’insuffisance cardiaque et de prévenir les complications. Il repose sur une coordination renforcée entre les professionnels de santé du territoire et un accompagnement du patient dans la gestion de sa maladie.</p>



<p><strong>Parcours santé mentale</strong></p>



<p>Ce parcours vise à faciliter l’accès aux soins en santé mentale et à renforcer l’accompagnement des personnes en souffrance psychique. Il s’appuie sur un travail coordonné entre professionnels de premier recours, spécialistes et partenaires médico-sociaux du territoire.</p>


<div class="wp-block-image">
<figure class="aligncenter size-large is-resized"><img loading="lazy" decoding="async" width="683" height="1024" src="https://cptsruscino.fr/wp-content/uploads/2026/02/WhatsApp-Image-2026-02-10-at-10.09.35-683x1024.jpeg" alt="" class="wp-image-918" style="width:300px" srcset="https://cptsruscino.fr/wp-content/uploads/2026/02/WhatsApp-Image-2026-02-10-at-10.09.35-683x1024.jpeg 683w, https://cptsruscino.fr/wp-content/uploads/2026/02/WhatsApp-Image-2026-02-10-at-10.09.35-200x300.jpeg 200w, https://cptsruscino.fr/wp-content/uploads/2026/02/WhatsApp-Image-2026-02-10-at-10.09.35-768x1152.jpeg 768w, https://cptsruscino.fr/wp-content/uploads/2026/02/WhatsApp-Image-2026-02-10-at-10.09.35-720x1080.jpeg 720w, https://cptsruscino.fr/wp-content/uploads/2026/02/WhatsApp-Image-2026-02-10-at-10.09.35.jpeg 1024w" sizes="(max-width: 683px) 100vw, 683px" /></figure>
</div>


<p class="has-text-align-center"><em>Yves Marelli &#8211; Coordonnateur Parcours de Santé</em></p>

<p>Les parcours de santé de la CPTS Ruscino visent à améliorer la coordination des soins autour de problématiques de santé prioritaires du territoire. Ils permettent une prise en charge plus fluide et mieux adaptée aux besoins des patients, en lien avec les professionnels de santé et les partenaires locaux. Dans le cadre de son contrat [&hellip;]</p>
